Is 11113 prime?
True
Is 1653287 composite?
False
Is 326863 prime?
True
Is 4327 prime?
True
Is 99967 a composite number?
True
Is 14709 a prime number?
False
Is 45439 a composite number?
False
Is 3043 a prime number?
False
Is 3263 composite?
True
Is 106273 a composite number?
False
Is 1063871 prime?
True
Is 50177 a prime number?
True
Is 206779 a composite number?
False
Is 117617 composite?
False
Is 351587 prime?
True
Is 12797 a prime number?
False
Is 17611 a prime number?
False
Is 2458 a composite number?
True
Is 28297 composite?
False
Is 18181 composite?
False
Is 2777 composite?
False
Is 31 a composite number?
False
Is 143 a composite number?
True
Is 15491 composite?
True
Is 649867 a composite number?
False
Is 6197 prime?
True
Is 58009 composite?
True
Is 271163 composite?
False
Is 152809 a composite number?
False
Is 74551 a composite number?
False
Is 841 composite?
True
Is 3833 a composite number?
False
Is 35345 composite?
True
Is 114443 prime?
False
Is 3418 a composite number?
True
Is 228383 composite?
False
Is 2184761 prime?
True
Is 2771 a prime number?
False
Is 3487 composite?
True
Is 3299 composite?
False
Is 13021 a composite number?
True
Is 1166213 prime?
True
Is 28601 a prime number?
False
Is 17129 a composite number?
True
Is 41059 a composite number?
True
Is 19031 a composite number?
False
Is 177455 prime?
False
Is 274163 composite?
False
Is 907 a prime number?
True
Is 111751 prime?
True
Is 1307627 a composite number?
False
Is 124951 prime?
True
Is 184931 prime?
False
Is 14591 composite?
False
Is 60263 composite?
True
Is 2284943 a composite number?
False
Is 5917 a prime number?
False
Is 1115 a composite number?
True
Is 15229 a prime number?
False
Is 2767 composite?
False
Is 29251 prime?
True
Is 343261 a prime number?
True
Is 3863 prime?
True
Is 3424679 composite?
False
Is 17377 prime?
True
Is 21427 a prime number?
False
Is 15859 prime?
True
Is 8369 a composite number?
False
Is 17567 composite?
True
Is 1505795 a prime number?
False
Is 57917 a composite number?
False
Is 166987 a composite number?
False
Is 212791 a prime number?
True
Is 16741 prime?
True
Is 739931 a composite number?
False
Is 161201 a composite number?
False
Is 14633 prime?
True
Is 114697 a prime number?
False
Is 6557 prime?
False
Is 5269 composite?
True
Is 471589 composite?
False
Is 2641 a prime number?
False
Is 1162673 composite?
True
Is 7669 a prime number?
True
Is 4561 prime?
True
Is 65789 a composite number?
False
Is 253511 a composite number?
True
Is 572249 a prime number?
False
Is 4735 composite?
True
Is 1165201 a prime number?
True
Is 395737 composite?
False
Is 4735 a prime number?
False
Is 67109 a composite number?
True
Is 10123 composite?
True
Is 149871 prime?
False
Is 36055 a composite number?
True
Is 262165 prime?
False
Is 29059 a prime number?
True
Is 37337 a prime number?
True
Is 1907 prime?
True
Is 1906 composite?
True
Is 416333 a prime number?
True
Is 16706 composite?
True
Is 23519 a composite number?
True
Is 46253 prime?
False
Is 21763 prime?
False
Is 2767 prime?
True
Is 2819069 composite?
True
Is 12451 composite?
False
Is 3407 composite?
False
Is 8263 a composite number?
False
Is 372947 a prime number?
False
Is 239 composite?
False
Is 797 a prime number?
True
Is 62 composite?
True
Is 22987 a prime number?
False
Is 842711 composite?
True
Is 188393 a prime number?
False
Is 2302 composite?
True
Is 153817 composite?
False
Is 104189 a prime number?
False
Is 479 a composite number?
False
Is 3216197 a composite number?
False
Is 228281 a prime number?
True
Is 8269 a prime number?
True
Is 21269 a composite number?
False
Is 8135 prime?
False
Is 117647 prime?
False
Is 361211 a prime number?
True
Is 319 a prime number?
False
Is 1723 composite?
False
Is 1931 a composite number?
False
Is 976199 composite?
True
Is 72251 a prime number?
True
Is 11806 a composite number?
True
Is 410237 composite?
True
Is 88681 a prime number?
True
Is 6395 a composite number?
True
Is 1961 a prime number?
False
Is 205237 a composite number?
False
Is 29983 composite?
False
Is 10267 composite?
False
Is 520697 a prime number?
False
Is 537931 a prime number?
False
Is 810307 composite?
False
Is 270069 prime?
False
Is 37159 prime?
True
Is 9713 a prime number?
False
Is 15443 a composite number?
False
Is 48337 a composite number?
False
Is 2725931 prime?
False
Is 796447 a prime number?
True
Is 226123 a composite number?
False
Is 317159 a prime number?
True
Is 2281607 a prime number?
True
Is 30587 prime?
False
Is 8373 a prime number?
False
Is 62429 composite?
True
Is 481447 a composite number?
False
Is 437 a prime number?
False
Is 96257 prime?
False
Is 169049 a composite number?
False
Is 97829 a composite number?
False
Is 4391 prime?
True
Is 5557 prime?
True
Is 55171 composite?
False
Is 147083 prime?
True
Is 226762 a composite number?
True
Is 62783 a prime number?
False
Is 87671 a prime number?
True
Is 252509 prime?
True
Is 168617 prime?
True
Is 145165 prime?
False
Is 12889 prime?
True
Is 53771 prime?
False
Is 55441 composite?
False
Is 509503 composite?
True
Is 135053 composite?
True
Is 41711 prime?
False
Is 74113 a prime number?
False
Is 12883 composite?
True
Is 16001 composite?
False
Is 6943 composite?
True
Is 3433 a prime number?
True
Is 1847 composite?
False
Is 822479 composite?
True
Is 8779 a composite number?
False
Is 198813 a composite number?
True
Is 146743 composite?
False
Is 3973 composite?
True
Is 388985 prime?
False
Is 3271 prime?
True
Is 19861 prime?
True
Is 4751 a prime number?
True
Is 107335 composite?
True
Is 1217 prime?
True
Is 57667 composite?
False
Is 318085 a composite number?
True
Is 6537 a composite number?
True
Is 6067 prime?
True
Is 22171 prime?
True
Is 1733 prime?
True
Is 125747 composite?
True
Is 5261 a prime number?
True
Is 10993 prime?
True
Is 8641 a composite number?
False
Is 180569 a prime number?
True
Is 2683 composite?
False
Is 6637 prime?
True
Is 21883 a composite number?
True
Is 7151 prime?
True
Is 1167193 a prime number?
True
Is 1374143 a prime number?
False
Is 1012031 prime?
True
Is 157786 a composite number?
True
Is 46621 a prime number?
False
Is 127 a prime number?
True
Is 380861 composite?
True
Is 187631 prime?
True
Is 52363 a composite number?
False
Is 7621 a composite number?
False
Is 5095 a prime number?
False
Is 39421 composite?
True
Is 793439 composite?
False
Is 4691 a prime number?
True
Is 1259 a composite number?
False
Is 4063 a prime number?
False
Is 25741 composite?
False
Is 1046153 a composite number?
True
Is 9143 a prime number?
False
Is 13541 a composite number?
True
Is 221831 a prime number?
True
Is 72577 a composite number?
False
Is 25937 composite?
True
Is 15185 prime?
False
Is 129167 composite?
True
Is 157 composite?
False
Is 34901 a composite number?
True
Is 109 composite?
False
Is 3774121 composite?
True
Is 53527 composite?
False
Is 56249 prime?
True
Is 49273 composite?
True
Is 520805 a prime number?
False
Is 19298 prime?
False
Is 1237611 prime?
False
Is 43879 prime?
False
Is 634 a prime number?
False
Is 1232879 a prime number?
True
Is 488567 prime?
True
Is 8782 prime?
False
Is 28057 composite?
False
Is 21181 a prime number?
False
Is 887 prime?
True
Is 64637 a composite number?
True
Is 21685 prime?
False
Is 570173 composite?
False
Is 7711 a prime number?
False
Is 9143 composite?
True
Is 695167 composite?
True
Is 15349 a prime number?
True
Is 1691609 a prime number?
False
Is 324791 composite?
False
Is 35762 a composite number?
True
Is 137039 a composite number?
True
Is 258539 a prime number?
True
Is 878473 prime?
False
Is 6899 composite?
False
Is 9179 composite?
True
Is 376778 composite?
True
Is 58657 a composite number?
False
Is 6863 composite?
False
Is 7069 a composite number?
False
Is 540587 prime?
True
Is 3071 a composite number?
True
Is 16658 composite?
True
Is 85873 composite?
True
Is 76553 a prime number?
False
Is 430319 prime?
True
Is 23813 a prime number?
True
Is 2467 a composite number?
False
Is 14437 a composite number?
False
Is 44761 composite?
True
Is 43259 a composite number?
True
Is 114623 a composite number?
True
Is 91009 a prime number?
True
Is 7187581 a prime number?
True
Is 1513487 composite?
False
Is 2394017 a prime number?
True
Is 12793 prime?
False
Is 78497 prime?
True
Is 17257 a composite number?
False
Is 11311 a compo